 = -278. What is the hundreds digit of g?
3
Let x = -908 - -224. Let w = x - -1491. What is the units digit of w?
7
What is the thousands digit of 4 - 33/9 - 75378/(-18)?
4
Let j(c) = 71*c + 3111. What is the hundreds digit of j(18)?
3
Suppose -2*a - 737 = -5*m + 175, -4*m - 2346 = 5*a. Let w = 131 - a. What is the units digit of w?
7
Let f = -358 + 368. Suppose -8983 = -f*g + 777. What is the hundreds digit of g?
9
Suppose 0 = -2*d + 2*a + 638, 3*a + 965 = 3*d - 2*a. Suppose 2*f - 107 - d = 0. What is the tens digit of f?
1
Suppose 7*v - 117 = 20*v. Let l = v + 11. Suppose 2*o + 5*f + 1155 = 7*o, 458 = l*o - f. What is the hundreds digit of o?
2
Let v(k) = -7*k + 70. Let t(j) = 15*j - 140. Let q(s) = -4*t(s) - 7*v(s). What is the tens digit of q(4)?
2
Suppose 1674 = -k + 4*k + 5*l, 0 = -5*k - 4*l + 2790. Suppose -k = 48*p - 50*p. What is the tens digit of p?
7
Let m(p) = 10*p. Suppose 0 = 47*q - 50*q + 3. Let f(r) = 1. Let o(h) = q*m(h) - 15*f(h). What is the hundreds digit of o(16)?
1
Let w(u) = 2*u**2 + 15*u - 50. Let o be w(-15). Suppose 0 = 177*d - o*d - 2482. What is the tens digit of d?
4
Suppose -4*n + 102297 = -p, -10*n - 4*p = -6*n - 102332. What is the units digit of n?
6
Suppose 82*d - 31057 = -0*d + 4203. What is the units digit of d?
0
Let d(n) = -2*n + 1. Let p be d(-3). Suppose 5*x = p*x - 1232. What is the units digit of x?
6
Let q(d) be the first derivative of 4*d**3 + d**2 - 3*d - 3. Suppose 31*p = 9*p - 110. What is the units digit of q(p)?
7
Suppose 39871 = 2*n + s, 3*s = 2*n + 2235 - 42102. What is the ten thousands digit of n?
1
Let v(t) = 199*t - 27. Let k be v(3). Let x = k + -424. What is the tens digit of x?
4
Let o = -89495 - -163618. Suppose 43*l + 19341 = o. What is the tens digit of l?
7
Suppose -5*w + 215546 = 4*c, -5*c + 43105 = 16*w - 15*w. What is the units digit of w?
0
Suppose -50*n - 48418 = -7*v - 45*n, -3*v - n = -20760. What is the tens digit of v?
1
Let p = 342 - 286. Suppose -j = p - 99. What is the units digit of j?
3
What is the units digit of (-2)/7 + (-21 + -198797)*(-10)/140?
1
Suppose 0 = -76*f + 63*f + 17602. Suppose 5*m - f - 148 = -3*g, -3*m = -4*g - 907. What is the units digit of m?
1
Let h(y) = 4*y**2 + 20*y - 2. Let c be 8 - 4 - 0/(-3). Suppose -4*t - 60 = 5*b - t, b + c*t = -29. What is the tens digit of h(b)?
4
Suppose -36*y = -35*y + 2*a - 13896, 0 = 2*y + 5*a - 27793. What is the tens digit of y?
9
Let y(n) be the third derivative of -n**5/60 - 7*n**4/24 + 29*n**3/6 + 23*n**2. Let u be y(-10). What is the tens digit of ((-4 - u) + 6)/((-6)/(-304))?
5
Let d = 563 - 99. Let t = d + 524. What is the units digit of t?
8
Suppose 93078 = 4*u + 72*g - 67*g, u - g = 23265. Suppose -7571 + u = 24*m. What is the units digit of m?
4
What is the tens digit of 236/((-28382)/17112 + (-10)/(-6))?
6
Let c(m) = 3*m**3 - 54*m**2 + 51*m + 145. What is the thousands digit of c(22)?
7
Suppose 4*i - 2*x + 1386 = 0, -4*x + x = -2*i - 691. Let d = i - -392. What is the tens digit of d?
4
Let l = -868 + 893. Suppose 0 = 35*f - l*f - 14680. What is the units digit of f?
8
Let c(z) = -202*z + 10. What is the tens digit of c(-18)?
4
Suppose 33*x = 3740 + 3289. Let w = 337 + x. What is the units digit of w?
0
What is the hundreds digit of (-176)/(-484) + (-214903)/(-11)?
5
Let l be 25488/295 - 6/(-10). Suppose 85*y + 1934 = l*y. What is the hundreds digit of y?
9
Let d be 1 - -2035 - (-9)/(-3). What is the tens digit of (-10)/12 - d/(-6)?
3
Suppose -70 = -24*u + 122. What is the units digit of 4*6/u - -456?
9
Suppose -4*b - 7*b + 93342 + 3222 = 2*c, -2*b = 0. What is the ten thousands digit of c?
4
Let p(l) = 16032*l - 126. What is the hundreds digit of p(1)?
9
Suppose 0 = 4*y - 489*g + 488*g - 34685, -4*y - 5*g + 34727 = 0. What is the tens digit of y?
7
Let k(d) be the first derivative of -d**4/2 - d**3 + 3*d**2/2 + 4*d + 3. Suppose 3*v + 26 = -5*i, -37*i - 3*v - 10 = -36*i. What is the tens digit of k(i)?
7
Suppose 394044 + 183905 = 86*y - 2164591. What is the tens digit of y?
9
Let q be -1 - ((-2 - -4) + -3). Suppose 6 = -3*c, 4*h = -q*c + 4*c + 340. Suppose -9*f + h = -1231. What is the hundreds digit of f?
1
Let z(t) = 2*t**2 - 2*t - 7. Let l be z(4). Suppose 10*u + 110 = -110. Let s = l - u. What is the tens digit of s?
3
What is the units digit of ((-2)/(-9) + 18629/(-36))/((-37)/148)?
9
Let w(q) = 5*q**2 - 20*q + 1. Let g be w(-5). Suppose 364*f = 363*f + g. What is the units digit of f?
6
Suppose 2*x - 4 = 3*x - s, 0 = 4*x + s - 9. Let l be ((10/(-4))/x)/((-9)/18). Suppose c + c = -2*y + 394, -4*y + 824 = -l*c. What is the tens digit of y?
0
Let u = -20775 + 36979. What is the tens digit of u?
0
Let y = -8375 + 10298. What is the hundreds digit of y?
9
Suppose -m + 2*x = -21006, 54*m - 55*m + 20976 = 4*x. What is the ten thousands digit of m?
2
Suppose -4894 = -2*x + 2*u, -3*x - 5969*u + 5971*u + 7347 = 0. What is the thousands digit of x?
2
Suppose -40*x - 6842 = -2*j - 45*x, 5*x - 10263 = -3*j. What is the units digit of j?
1
Let g = 29 - 25. Let k(x) = x - 4. Let s be k(g). Suppose n - 3*n + 188 = s. What is the units digit of n?
4
Let x = 35 + 3. Suppose -47*m + 1638 = -x*m. What is the tens digit of m?
8
Suppose 163 = 5*p + 4*d - 772, -4*d = -p + 163. Suppose 0 = 6*l + p - 1485. What is the hundreds digit of l?
2
Suppose 193*m - 3*m = 13*m + 2044704. What is the units digit of m?
2
Let u(k) = 413*k - 716. What is the tens digit of u(23)?
8
Suppose -4*b = -4*s - 32, -2*s - 13 = -0*b - b. Suppose 2*h = 0, -5*h = -b*k - 2*h. Let g = k - -115. What is the units digit of g?
5
Let l(s) = 3*s**3 + s**2 + 66*s - 55. What is the hundreds digit of l(24)?
5
Let d(n) = -34*n + 207. Let k be d(6). What is the hundreds digit of 1330 + -7 + (-2 - 1) + k?
3
Let g = 37238 - 34167. What is the tens digit of g?
7
Suppose -6 = -0*z + 3*z, -3*s - z = -208. What is the tens digit of -5*(-4)/s + 4392/14?
1
Let j = -99300 + 140624. What is the hundreds digit of j?
3
Let l(u) = 5*u**2 + 324*u + 114. What is the ten thousands digit of l(-93)?
1
Let f(a) = -4*a**3. Suppose -3*i - 4*r - 13 = 4, 3*i + 7 = r. Let g be f(i). Suppose 5*p + g = 8*p. What is the tens digit of p?
3
Let a = -23583 - -33098. What is the hundreds digit of a?
5
Suppose 2397*v - 2380*v - 1250610 = -374362. What is the hundreds digit of v?
5
Let r be -2 + 2350/(-8) - (-7)/(-28). Let b = r + 758. What is the tens digit of b?
6
Let b(f) = -27*f + 17*f + 132*f**2 + 5 + 17*f. What is the units digit of b(-1)?
0
Let n be (-1250)/(-90) - (-4)/36. Suppose -16*l = n*l - 53280. What is the hundreds digit of l?
7
Suppose -799 = -11*y + 1423. Suppose 0 = n - y - 138. What is the hundreds digit of n?
3
Let z be 3*(-1948)/(-24)*(-4 + 0). Let i = 1382 + z. What is the units digit of i?
8
Suppose 17*m - 16*m = 4. Suppose -3*n - 2*c - 3*c + 13 = 0, m = -c. What is the tens digit of n?
1
Suppose 12*p + 59112 = 465096. What is the units digit of p?
2
Let p(k) = -1. Let w be (-3)/(-15) - (-5)/(75/(-48)). Let x(f) = -137*f - 3. Let l(i) = w*p(i) - x(i). What is the units digit of l(1)?
3
Let b(g) = -g**2 - 5*g + 2. Let q be b(-5). Suppose 24 = q*o - 4*k, o - 2*k = 4*o - 12. Suppose 0 = -5*i + o*i - 10. What is the tens digit of i?
1
Let l = 10 + -4. Suppose -4*o = -4*s - 672, s - l*s + 162 = o. What is the hundreds digit of o?
1
Suppose -2*a = 2*a - m + 201, 5*a = -3*m - 247. Let o = -66 - a. What is the units digit of (o/(-10))/((-6)/(-45))?
2
Let z(x) = 37*x**2 + 11*x - 65. What is the units digit of z(-18)?
5
Suppose 0 = 2*u - a - 8061, -5*u + 20151 = 98*a - 102*a. What is the hundreds digit of u?
0
Let z = 3577 - -2153. What is the units digit of z?
0
Let n be (-2 - -3) + 16/(-16). Suppose 10*f - 8 - 2852 = n. What is the hundreds digit of f?
2
Let q(p) = -860*p - 2114. What is the thousands digit of q(-18)?
3
Suppose -4*p - 77534 = 5*f, 0*p - 3 = 3*p. What is the hundreds digit of 7*(-4)/238 + f/(-17)?
9
Let g be 3*(-2)/3 + (-25 - -28). Let c(t) = 420*t - 6. What is the tens digit of c(g)?
1
Suppose 0 = 3*d - 15, 2*s + 0*d - 79189 = -d. What is the ten thousands digit of s?
3
Let m be (-6)/(-2)*(24/9 - 2). Suppose m*a + 22 = 34. Suppose -a*w - 476 = -10*w. What is the tens digit of w?
1
Let f(o) = 32*o - 26. Let i be 26/6*(-6 + 9)*1. What is the hundreds digit of f